e 1/(q + (-15)/(-10)). Let h(d) = -4*d - 1. What is h(m)?
7
Let k(r) = -104492*r - r**3 + r**2 + 104492*r. Suppose -10 = -8*w + 3*w. Calculate k(w).
-4
Let g be ((-1)/(-1))/(1/(-5)). Let p(s) = 3 + 3*s + 151*s**2 - 4*s - 152*s**2 + 4*s - 2*s. Calculate p(g).
-27
Let l = 4448 + -4446. Let c(j) = -j - 8. Give c(l).
-10
Let u(a) = a**2 - 14*a + 2. Suppose -4*i - 44 + 4 = 0. Let b be 994/70 + 2/i. Let m be u(b). Let w(v) = -v**2 - 3*v + 3. What is w(m)?
-7
Let c(l) be the second derivative of l**4/6 - 29*l**3/6 + 2*l**2 + 3938*l. Calculate c(16).
52
Let z(g) = -g**3 - 12*g + 24*g**2 - 9 - 6*g - 61 - 2*g. Let i be z(23). Let y(c) = 5*c**2 - c. Calculate y(i).
6
Let z(g) be the third derivative of -g**4/24 + 13*g**3/2 + 17*g**2. Let k be z(10). Suppose -7*n = 1 - k. Let f(d) = 2*d**2 - 3. Give f(n).
29
Suppose 225 = 4*g + 5*z, 4*g + 55*z = 57*z + 218. Let h(a) = -a**2 + 57*a - 106. Give h(g).
4
Let j be 2/5*((5 - 1) + 6). Suppose h + j*h = 10. Let n(t) be the third derivative of t**6/120 - t**5/20 - t**4/12 + t**3/2 + 2*t**2. Determine n(h).
-5
Let k(d) = -4*d**2 - 4*d - 1. Let f(h) = -7*h**2 - 7*h - 1. Let q(t) = -50*t + 94*t - 50*t - 1. Let w be q(-1). Let p(a) = w*k(a) - 3*f(a). Determine p(2).
4
Let o = -9 + 23. Suppose -i - 7 = 3*f + i, -f - 3*i - o = 0. Let v(h) be the third derivative of h**5/30 + h**4/24 + 67*h**2. What is v(f)?
3
Suppose -220*m + 2845 = -895. Let v(d) = -d**2 + 21 + 3*d + 22*d - 9*d. Determine v(m).
4
Let b(u) = -u**3 - 62*u**2 + 564*u + 272. Let y be b(-70). Let x(l) = l**2 + 11*l + 31. What is x(y)?
7
Let f(a) = 29*a**3 - 23*a**2 + 25*a + 21. Let n(r) = -35*r**3 + 24*r**2 - 26*r - 21. Let d(g) = 6*f(g) + 5*n(g). Determine d(-19).
2
Let d(x) = 2*x - 3*x + 53 - 3*x - 39 + 6*x. Let o be ((-44)/(-10))/((-30)/75). Determine d(o).
-8
Let k = -3263 - -6527/2. Let v(w) be the second derivative of 0 + 0*w**2 + 2*w - 1/12*w**4 - k*w**3. Determine v(-4).
-4
Suppose -4*b + 2*k = -b - 15, 5*b = -5*k. Let y(l) = 3*l - l**b + 0*l - 3 - 8*l + 3*l - l**2. Let i = 2 - 4. Calculate y(i).
5
Let a = 7 + -2. Suppose 5*z - 13 = -4*q, 4*q - 5 - 3 = 0. Suppose -z = -a*g + 9. Let x(p) = p**3 - 2*p**2 - 2*p + 1. Determine x(g).
-3
Let q(w) = 44510 - 44507 + 38*w - 8*w**2 - w**3 - 46*w. Let x(l) = -l**3 - 11*l**2 + 2*l + 15. Let j be x(-11). Determine q(j).
10
Let o = 117 - 128. Let x be 0/(-2) - (-11 - 0). Let t = o + x. Let n(f) = f**2 - f - 11. Determine n(t).
-11
Let p(v) = v**3 - 2*v**2 + 1. Let w(h) = 3*h**3 + 14*h**2 + 17*h + 1. Let f(x) = 2*p(x) - w(x). What is f(-17)?
1
Let m(u) = -39*u + 23*u - 3492 + 3506 + 18*u. Calculate m(-4).
6
Let z be -120*((-184)/180 + (-2)/(-9)). Let w = 92 - z. Let t(r) = -r**3 - 6*r**2 - 5*r - 4. What is t(w)?
-16
Let b be (-48)/(-5)*38460/92304. Let x(y) be the third derivative of 0 + 1/20*y**5 + 1/3*y**3 + 0*y - 1/120*y**6 + y**2 + 0*y**4. Give x(b).
-14
Let h(a) = a**2 - 21*a + 90. Let r(o) = -o**3 + 90*o**2 - 343*o - 71. Let q be r(86). Determine h(q).
0
Let v(f) = 121*f + 59. Let s(x) = 43*x + 19. Let r(c) = -17*s(c) + 6*v(c). Calculate r(7).
-4
Suppose -4*c + 5*s = -24, 5*c - 5*s + 0 = 30. Let x(y) be the first derivative of -y**3/3 + 3*y**2 - 8*y + 185. What is x(c)?
-8
Let b(u) = u - 19. Let w(h) = -3. Let k(m) = -b(m) + 2*w(m). Let r(l) = -18*l - 93. Let c be r(-6). Calculate k(c).
-2
Let q(x) = -8*x + 8. Let n(b) = b**3 - 4*b**2 - 19*b + 78. Let z be n(4). Determine q(z).
-8
Let c(v) = v**3 + 5*v**2 - 5*v - 21. Suppose 20*u - d + 14 = 17*u, -5*u - 2*d = 38. Calculate c(u).
-27
Let a(q) be the first derivative of 16 + 0*q + 1/3*q**3 + 1/30*q**5 - 1/8*q**4 - 5*q**2. Let l(c) be the second derivative of a(c). Determine l(3).
11
Let n(o) = o**2 + 29*o + 123. Let g be n(-24). Let r(j) = j - j + 6*j**2 - 2002 + 1999 + j - g*j - j**3. Determine r(5).
12
Let a(q) be the third derivative of 1/12*q**4 + 8*q**2 - q**3 + 0 + 2*q. Suppose -11 = -m + 5*b - 1, 5*m - 4*b + 13 = 0. What is a(m)?
-16
Let s(r) = -419*r + 4 + 415*r + 9 + 10. Determine s(8).
-9
Let p(q) = -q**2 - 16*q + 257. Let i be p(10). Let d(t) = 12 - 8 - 1 + 8*t - t**3. Give d(i).
6
Let f be 6/18 - (-78)/9. Let m be 6/f*(-90)/12. Let b(r) be the second derivative of -r**5/20 - r**4/4 + r**3 - 2*r**2 + r. Calculate b(m).
16
Let p(h) = h - 9. Let b = 42 + -36. Suppose -2*s - 16 = 2*c, 4*s - b*s - 12 = 4*c. Let j be (s/(-6))/5 - (-80)/12. Give p(j).
-2
Let t(o) be the third derivative of -o**6/60 + o**5/15 + o**4/24 + 5*o**3/2 - 2682*o**2. Calculate t(4).
-45
Let i be 76/(-6) - (-2)/(-6). Let h(f) = -27*f**2 - 26*f - 9. Let g(c) = -49*c**2 - 46*c - 16. Let k(y) = -11*g(y) + 20*h(y). Calculate k(i).
9
Let q = -282788 - -282796. Let d(a) be the third derivative of a**6/120 - 7*a**5/60 - 11*a**4/24 - 7*a**3/6 + a**2. Determine d(q).
-31
Let r(b) be the third derivative of 1/8*b**4 + 3*b**2 - 1/60*b**5 + 0*b - 1/360*b**6 + 0 - 1/3*b**3. Let d(y) be the first derivative of r(y). Determine d(2).
-5
Let r(f) = 2*f - 4. Let a(b) = 4*b**3 + 7*b**2 - 5*b - 2. Let i be a(5). Suppose 38*c = 2*c - 251 - 37. Let v be (-4)/(-10) + (i/15)/c. Calculate r(v).
-14
Let i(d) = -d**3 + 3*d**2 + 4*d - 8. Let l(u) be the second derivative of -u**3/6 + u**2/2 + 4*u. Suppose 4 = -2*y + 2. Let n(j) = y*i(j) - 4*l(j). Give n(3).
4
Let k(j) = -457*j**2 - 93*j + 49*j + 45*j + 442*j**2. Let t = -3 + 4. Suppose -4*i - 13 = 3*c, 4*i + 17 = 2*c - t. Calculate k(c).
-14
Let q be -6 - (21 - (18 + -504)/(-18)). Let a(t) be the first derivative of -t**4/4 + t**2/2 - 5*t - 1. Calculate a(q).
-5
Suppose -21*c = -44*c + 69. Suppose r - 3*r - c*f + 1 = 0, 3 = 3*r + 4*f. Let u(b) = 3*b - 7. What is u(r)?
8
Suppose 0 = -23*w + 32*w + 351. Let s be w/6 + (-9)/(-6) + 0. Let m(u) = -3*u - 4. Determine m(s).
11
Let o(w) be the second derivative of w**3/2 + w**2 - 2*w. Let j be ((-14)/(-2) + -374)/(-1). Let k = -370 + j. Give o(k).
-7
Suppose 0 = -273*h + 222*h - 408. Let s(f) = -f**2 - 8*f - 11. Give s(h).
-11
Let q(s) = s**2 - 6*s + 7. Let r(x) = -x**2 + 5*x - 8. Let c = -311 + 309. Let y(i) = c*r(i) - 3*q(i). Let z(t) = -3*t - 5. Let m be z(-4). Give y(m).
2
Suppose k + 5 = -3*i, 4 = -5*k + 3*i - 3. Let y(u) = -2*u**2 + 23*u + 41. Calculate y(k).
-13
Let f(d) be the second derivative of -d**3/3 - 2*d**2 - 2*d - 1. Suppose 6*o + 29*o - 175 = 0. Determine f(o).
-14
Let s(j) = -5*j**2 - 1. Suppose 0 = 6*h - 5*h - 102. Let b = 104 - h. Calculate s(b).
-21
Let f(a) be the second derivative of 5/12*a**4 - 2*a + 3/2*a**2 - 2 - 2/3*a**3. Determine f(2).
15
Let l(a) be the second derivative of 0 - 1/12*a**4 - 1/2*a**2 - 143*a - 4/3*a**3. Let h be (-3)/(-1 - 6/(-4)). Calculate l(h).
11
Let g(m) = 15*m + 82. Let o be g(-5). Let i(k) = k**2 - 9*k + 5. What is i(o)?
-9
Let w(v) = v**2 + 5*v - 4. Suppose 515 = 7*n - 2*n - 5*r, 4*n = r + 397. Suppose -95*j - 285 = -n*j. Let m = j - 98. What is w(m)?
-10
Let u(i) = i**2 - 12*i - 12. Suppose 14 = 2*l - 42*j + 38*j, 36 = 3*l - j. Determine u(l).
1
Let y(d) be the first derivative of -2*d**2 + 2*d + 5. Let a be ((-18)/(-6))/(4/92). Let j = -71 + a. Give y(j).
10
Let t(x) = 3*x**3 + 14*x**2 + 10*x - 8. Let j(c) = -5*c**3 - 26*c**2 - 17*c + 14. Let p(q) = -4*j(q) - 7*t(q). Give p(6).
-12
Let r(u) = -2*u + 1. Let j(i) = 1. Let c(q) = q**2 + 3. Let h(n) = c(n) - 3*j(n). Let f be h(2). Determine r(f).
-7
Let y(g) = 26*g + 5. Let c(o) = -o - 10. Let h(l) = 10*l - 18. Let r(d) = -2*c(d) + h(d). Let m(b) = 9*r(b) - 4*y(b). Suppose 0*t - 10 = -5*t. Give m(t).
6
Let h(y) = y**3 + 38*y**2 - 33*y + 247. Let p be h(-39). Let r(x) = -x**2 + 11*x + 22. Give r(p).
-4
Let y(v) = -14*v**2 + 13*v - 38. Let w(f) = 6*f**2 - 21*f - 2*f**2 + 13 + 17*f + 5*f**2 - 4*f**2. Let k(q) = -17*w(q) - 6*y(q). What is k(-10)?
7
Suppose i = 2*i + 3*b + 5, 4*i = 3*b + 40. Let u(q) = -q**2 + 0*q**2 - 3 - 1 + i. Let p be (4 - 15)/(-33)*(-11 + 2). Give u(p).
-6
Suppose -3 - 17 = -4*c + 4*y, 3*c + 2*y + 15 = 0. Let s(h) = -123*h**2 + 2*h + 2. Determine s(c).
-123
Let l = -807 + 1329. Let y = -517 + l. Let g(v) = -v**2 + 3*v. Determine g(y).
-10
Let x(r) = -21*r**2 - 12 - 18 + 4*r**2 - 6*r + 18*r**2. Give x(9).
-3
Let n = -5888 + 5888. Let d(m) be the third derivative of -1/6*m**3 + 0*m + 7/24*m**4 + m**2 + n. Give d(-1).
-8
Let s(r) = r**3 + 7*r**2 + 5*r - 4. Let l(h) = h**3 - 30*h**2 + 24*h - 88. Let